{"id":3397,"date":"2025-02-04T21:34:08","date_gmt":"2025-02-04T21:34:08","guid":{"rendered":"https:\/\/portalf1.si\/?page_id=3397"},"modified":"2026-02-10T07:01:11","modified_gmt":"2026-02-10T07:01:11","slug":"aston-martin","status":"publish","type":"page","link":"https:\/\/portalf1.si\/index.php\/ekipe\/aston-martin\/","title":{"rendered":"ASTON MARTIN"},"content":{"rendered":"\n<div class=\"wp-block-stackable-columns stk-block-columns stk-block stk-818c8c5\" data-block-id=\"818c8c5\"><div class=\"stk-row stk-inner-blocks stk-block-content stk-content-align stk-818c8c5-column\">\n<div class=\"wp-block-stackable-column stk-block-column stk-column stk-block stk-5200245\" data-v=\"4\" data-block-id=\"5200245\"><div class=\"stk-column-wrapper stk-block-column__content stk-container stk-5200245-container stk--no-background stk--no-padding\"><div class=\"stk-block-content stk-inner-blocks stk-5200245-inner-blocks\">\n<div class=\"wp-block-stackable-card stk-block-card stk-block stk-930eba2 is-style-default\" data-v=\"2\" data-block-id=\"930eba2\"><style>.stk-930eba2 .stk-block-card__image img{object-fit:contain !important;}<\/style><div class=\"stk--no-padding stk-container stk-930eba2-container stk-hover-parent\"><figure class=\"stk-block-card__image stk-img-wrapper stk-image--shape-stretch\"><img loading=\"lazy\" decoding=\"async\" class=\"stk-img wp-image-3398\" src=\"https:\/\/portalf1.si\/wp-content\/uploads\/2025\/02\/ASTON-MARTIN-LOGO-e1738704741296.png\" width=\"1910\" height=\"810\" srcset=\"https:\/\/portalf1.si\/wp-content\/uploads\/2025\/02\/ASTON-MARTIN-LOGO-e1738704741296.png 1910w, https:\/\/portalf1.si\/wp-content\/uploads\/2025\/02\/ASTON-MARTIN-LOGO-e1738704741296-300x127.png 300w, https:\/\/portalf1.si\/wp-content\/uploads\/2025\/02\/ASTON-MARTIN-LOGO-e1738704741296-1024x434.png 1024w, https:\/\/portalf1.si\/wp-content\/uploads\/2025\/02\/ASTON-MARTIN-LOGO-e1738704741296-768x326.png 768w, https:\/\/portalf1.si\/wp-content\/uploads\/2025\/02\/ASTON-MARTIN-LOGO-e1738704741296-1536x651.png 1536w\" sizes=\"auto, (max-width: 1910px) 100vw, 1910px\" \/><\/figure><div class=\"stk-container-padding stk-block-card__content\"><div class=\"stk-block-content stk-inner-blocks stk-930eba2-inner-blocks\">\n<div class=\"wp-block-stackable-text stk-block-text stk-block stk-e9037f9\" data-block-id=\"e9037f9\"><p class=\"stk-block-text__text\"><strong>Polno ime:<\/strong> Aston Martin Aramco Formula One Team<\/p><\/div>\n\n\n\n<p><strong>Sede\u017e ekipe:<\/strong> Silverstone, Velika Britanija<\/p>\n\n\n\n<p><strong>Vodja ekipe:<\/strong> Adrian Newey<\/p>\n\n\n\n<p><strong>Tehni\u010dni direktor:<\/strong> Enrico Cardile<\/p>\n\n\n\n<p><strong>Motor:<\/strong> Honda<\/p>\n\n\n\n<p><strong>\u0160asija:<\/strong> AMR26<\/p>\n<\/div><\/div><\/div><\/div>\n<\/div><\/div><\/div>\n\n\n\n<div class=\"wp-block-stackable-column stk-block-column stk-column stk-block stk-10ff71c\" data-v=\"4\" data-block-id=\"10ff71c\"><div class=\"stk-column-wrapper stk-block-column__content stk-container stk-10ff71c-container stk--no-background stk--no-padding\"><div class=\"stk-block-content stk-inner-blocks stk-10ff71c-inner-blocks\">\n<div class=\"wp-block-stackable-columns stk-block-columns stk-block stk-c707bec\" data-block-id=\"c707bec\"><div class=\"stk-row stk-inner-blocks stk-block-content stk-content-align stk-c707bec-column\">\n<div class=\"wp-block-stackable-column stk-block-column stk-column stk-block stk-d6aa927\" data-v=\"4\" data-block-id=\"d6aa927\"><div class=\"stk-column-wrapper stk-block-column__content stk-container stk-d6aa927-container stk--no-background stk--no-padding\"><div class=\"stk-block-content stk-inner-blocks stk-d6aa927-inner-blocks\">\n<div class=\"wp-block-stackable-card stk-block-card stk-block stk-2d311ff is-style-default\" data-v=\"2\" data-block-id=\"2d311ff\"><style>.stk-2d311ff {border-style:solid !important;border-color:var(--theme-palette-color-5, #e1e8ed) !important;}<\/style><div class=\"stk--no-padding stk-container stk-2d311ff-container stk-hover-parent\"><figure class=\"stk-block-card__image stk-img-wrapper stk-image--shape-stretch\"><img data-dominant-color=\"2a6e5e\" data-has-transparency=\"false\" style=\"--dominant-color: #2a6e5e;\" loading=\"lazy\" decoding=\"async\" class=\"stk-img wp-image-10782 not-transparent\" src=\"https:\/\/portalf1.si\/wp-content\/uploads\/2026\/02\/Lance_2025_profile_image.webp\" width=\"1242\" height=\"1500\" srcset=\"https:\/\/portalf1.si\/wp-content\/uploads\/2026\/02\/Lance_2025_profile_image.webp 1242w, https:\/\/portalf1.si\/wp-content\/uploads\/2026\/02\/Lance_2025_profile_image-248x300.webp 248w, https:\/\/portalf1.si\/wp-content\/uploads\/2026\/02\/Lance_2025_profile_image-848x1024.webp 848w, https:\/\/portalf1.si\/wp-content\/uploads\/2026\/02\/Lance_2025_profile_image-768x928.webp 768w, https:\/\/portalf1.si\/wp-content\/uploads\/2026\/02\/Lance_2025_profile_image-10x12.webp 10w\" sizes=\"auto, (max-width: 1242px) 100vw, 1242px\" \/><\/figure><div class=\"stk-container-padding stk-block-card__content\"><div class=\"stk-block-content stk-inner-blocks stk-2d311ff-inner-blocks\">\n<div class=\"wp-block-stackable-heading stk-block-heading stk-block-heading--v2 stk-block stk-4720425\" id=\"18\" data-block-id=\"4720425\"><h2 class=\"stk-block-heading__text\">18<\/h2><\/div>\n\n\n\n<div class=\"wp-block-stackable-subtitle stk-block-subtitle stk-block stk-2638b1b\" data-block-id=\"2638b1b\"><style>.stk-2638b1b .stk-block-subtitle__text{font-size:20px !important;color:#000000 !important;}@media screen and (max-width:999px){.stk-2638b1b .stk-block-subtitle__text{font-size:20px !important;}}<\/style><p class=\"stk-block-subtitle__text stk-subtitle has-text-color\"><strong>Lance Stroll<\/strong><\/p><\/div>\n<\/div><\/div><\/div><\/div>\n<\/div><\/div><\/div>\n\n\n\n<div class=\"wp-block-stackable-column stk-block-column stk-column stk-block stk-84226ef\" data-v=\"4\" data-block-id=\"84226ef\"><div class=\"stk-column-wrapper stk-block-column__content stk-container stk-84226ef-container stk--no-background stk--no-padding\"><div class=\"stk-block-content stk-inner-blocks stk-84226ef-inner-blocks\">\n<div class=\"wp-block-stackable-card stk-block-card stk-block stk-2915bd4 is-style-default\" data-v=\"2\" data-block-id=\"2915bd4\"><style>.stk-2915bd4 {border-style:solid !important;border-color:var(--theme-palette-color-5, #e1e8ed) !important;}<\/style><div class=\"stk--no-padding stk-container stk-2915bd4-container stk-hover-parent\"><figure class=\"stk-block-card__image stk-img-wrapper stk-image--shape-stretch\"><img data-dominant-color=\"236257\" data-has-transparency=\"false\" style=\"--dominant-color: #236257;\" loading=\"lazy\" decoding=\"async\" class=\"stk-img wp-image-10781 not-transparent\" src=\"https:\/\/portalf1.si\/wp-content\/uploads\/2026\/02\/1750431233.webp\" width=\"1320\" height=\"1320\" srcset=\"https:\/\/portalf1.si\/wp-content\/uploads\/2026\/02\/1750431233.webp 1320w, https:\/\/portalf1.si\/wp-content\/uploads\/2026\/02\/1750431233-300x300.webp 300w, https:\/\/portalf1.si\/wp-content\/uploads\/2026\/02\/1750431233-1024x1024.webp 1024w, https:\/\/portalf1.si\/wp-content\/uploads\/2026\/02\/1750431233-150x150.webp 150w, https:\/\/portalf1.si\/wp-content\/uploads\/2026\/02\/1750431233-768x768.webp 768w, https:\/\/portalf1.si\/wp-content\/uploads\/2026\/02\/1750431233-12x12.webp 12w\" sizes=\"auto, (max-width: 1320px) 100vw, 1320px\" \/><\/figure><div class=\"stk-container-padding stk-block-card__content\"><div class=\"stk-block-content stk-inner-blocks stk-2915bd4-inner-blocks\">\n<div class=\"wp-block-stackable-heading stk-block-heading stk-block-heading--v2 stk-block stk-2eec4db\" id=\"14\" data-block-id=\"2eec4db\"><h2 class=\"stk-block-heading__text\">14<\/h2><\/div>\n\n\n\n<div class=\"wp-block-stackable-subtitle stk-block-subtitle stk-block stk-c08ecac\" data-block-id=\"c08ecac\"><style>.stk-c08ecac .stk-block-subtitle__text{font-size:20px !important;color:#000000 !important;}@media screen and (max-width:999px){.stk-c08ecac .stk-block-subtitle__text{font-size:20px !important;}}<\/style><p class=\"stk-block-subtitle__text stk-subtitle has-text-color\"><strong>Fernando Alonso<\/strong><\/p><\/div>\n<\/div><\/div><\/div><\/div>\n<\/div><\/div><\/div>\n<\/div><\/div>\n<\/div><\/div><\/div>\n<\/div><\/div>\n\n\n\n<div class=\"wp-block-stackable-divider stk-block-divider stk-block stk-4194f52 is-style-bar\" data-block-id=\"4194f52\"><style>.stk-4194f52 hr.stk-block-divider__hr{background:#2e4c46 !important;border-radius:calc(50px \/ 2) !important;height:50px !important;width:100% !important;}.stk-4194f52 {margin-bottom:0px !important;}<\/style><hr class=\"stk-block-divider__hr\"\/><\/div>\n\n\n\n<div class=\"wp-block-stackable-divider stk-block-divider stk-block stk-4b071e6 is-style-bar\" data-block-id=\"4b071e6\"><style>.stk-4b071e6 hr.stk-block-divider__hr{background:#2e4c46 !important;border-radius:calc(50px \/ 2) !important;height:50px !important;width:100% !important;}<\/style><hr class=\"stk-block-divider__hr\"\/><\/div>\n\n\n\n<div class=\"wp-block-stackable-card stk-block-card stk-block stk-cfe0c78 is-style-default\" data-v=\"2\" data-block-id=\"cfe0c78\"><style>.stk-cfe0c78 .stk-block-card__image{height:500px !important;}@media screen and (max-width:999px){.stk-cfe0c78 .stk-block-card__image{height:450px !important;}}@media screen and (max-width:689px){.stk-cfe0c78 .stk-block-card__image{height:200px !important;}}<\/style><div class=\"stk--no-padding stk-container stk-cfe0c78-container stk-hover-parent\"><figure class=\"stk-block-card__image stk-img-wrapper stk-image--shape-stretch\"><img data-dominant-color=\"273e3f\" data-has-transparency=\"false\" style=\"--dominant-color: #273e3f;\" loading=\"lazy\" decoding=\"async\" class=\"stk-img wp-image-10890 not-transparent\" src=\"https:\/\/portalf1.si\/wp-content\/uploads\/2026\/02\/58735050-abb9-622d-a011-a8e8f6948a84-scaled-2.webp\" width=\"2560\" height=\"1707\" srcset=\"https:\/\/portalf1.si\/wp-content\/uploads\/2026\/02\/58735050-abb9-622d-a011-a8e8f6948a84-scaled-2.webp 2560w, https:\/\/portalf1.si\/wp-content\/uploads\/2026\/02\/58735050-abb9-622d-a011-a8e8f6948a84-scaled-2-300x200.webp 300w, https:\/\/portalf1.si\/wp-content\/uploads\/2026\/02\/58735050-abb9-622d-a011-a8e8f6948a84-scaled-2-1024x683.webp 1024w, https:\/\/portalf1.si\/wp-content\/uploads\/2026\/02\/58735050-abb9-622d-a011-a8e8f6948a84-scaled-2-768x512.webp 768w, https:\/\/portalf1.si\/wp-content\/uploads\/2026\/02\/58735050-abb9-622d-a011-a8e8f6948a84-scaled-2-1536x1024.webp 1536w, https:\/\/portalf1.si\/wp-content\/uploads\/2026\/02\/58735050-abb9-622d-a011-a8e8f6948a84-scaled-2-2048x1366.webp 2048w, https:\/\/portalf1.si\/wp-content\/uploads\/2026\/02\/58735050-abb9-622d-a011-a8e8f6948a84-scaled-2-18x12.webp 18w\" sizes=\"auto, (max-width: 2560px) 100vw, 2560px\" \/><\/figure><div class=\"stk-container-padding stk-block-card__content\"><div class=\"stk-block-content stk-inner-blocks stk-cfe0c78-inner-blocks\">\n<p class=\"has-medium-font-size\"><strong>Prvi izlet Aston Martina v Formulo 1, od katerega mineva \u017ee ve\u010d kot pol stoletja, je trajal le pet dirk. Tokrat pa mislijo resno. Tej ekipi uspehi niso tuji, saj so zmagovali \u017ee v svoji prvotni podobi kot Jordan, nazadnje pa leta 2020 kot Racing Point. Znani so po svoji sposobnosti, da dosegajo rezultate nad pri\u010dakovanji, zdaj pa, z dvakratnim prvakom na \u010delu in najslavnej\u0161im oblikovalcem dirkalnikov Formule 1 v svojih vrstah, Aston Martin vsekakor ostaja ekipa, na katero velja biti pozoren \u2026<\/strong><\/p>\n<\/div><\/div><\/div><\/div>\n","protected":false},"excerpt":{"rendered":"<p>Polno ime: Aston Martin Aramco Formula One Team Sede\u017e ekipe: Silverstone, Velika Britanija Vodja ekipe: Adrian Newey Tehni\u010dni direktor: Enrico Cardile Motor: Honda \u0160asija: AMR26 18 Lance Stroll 14 Fernando Alonso Prvi izlet Aston Martina v Formulo 1, od katerega mineva \u017ee ve\u010d kot pol stoletja, je trajal le pet dirk. Tokrat pa mislijo resno. [&hellip;]<\/p>\n","protected":false},"author":1,"featured_media":0,"parent":3097,"menu_order":0,"comment_status":"closed","ping_status":"closed","template":"","meta":{"footnotes":""},"class_list":["post-3397","page","type-page","status-publish","hentry"],"blocksy_meta":[],"yoast_head":"<!-- This site is optimized with the Yoast SEO plugin v27.4 - https:\/\/yoast.com\/product\/yoast-seo-wordpress\/ -->\n<title>ASTON MARTIN - Portal F1<\/title>\n<meta name=\"description\" content=\"Portal F1 je spletna platforma, ki vam prina\u0161a najnovej\u0161e novice, strokovne \u010dlanke, analize in kolumne iz sveta Formule 1. F1. Formula 1.\" \/>\n<meta name=\"robots\" content=\"index, follow, max-snippet:-1, max-image-preview:large, max-video-preview:-1\" \/>\n<link rel=\"canonical\" href=\"https:\/\/portalf1.si\/index.php\/ekipe\/aston-martin\/\" \/>\n<meta property=\"og:locale\" content=\"sl_SI\" \/>\n<meta property=\"og:type\" content=\"article\" \/>\n<meta property=\"og:title\" content=\"ASTON MARTIN - Portal F1\" \/>\n<meta property=\"og:description\" content=\"Portal F1 je spletna platforma, ki vam prina\u0161a najnovej\u0161e novice, strokovne \u010dlanke, analize in kolumne iz sveta Formule 1. F1. Formula 1.\" \/>\n<meta property=\"og:url\" content=\"https:\/\/portalf1.si\/index.php\/ekipe\/aston-martin\/\" \/>\n<meta property=\"og:site_name\" content=\"Portal F1\" \/>\n<meta property=\"article:publisher\" content=\"https:\/\/www.facebook.com\/portalf1.si\/?locale=sl_SI\" \/>\n<meta property=\"article:modified_time\" content=\"2026-02-10T07:01:11+00:00\" \/>\n<meta property=\"og:image\" content=\"https:\/\/portalf1.si\/wp-content\/uploads\/2025\/02\/ASTON-MARTIN-LOGO-e1738704741296.png\" \/>\n\t<meta property=\"og:image:width\" content=\"1910\" \/>\n\t<meta property=\"og:image:height\" content=\"810\" \/>\n\t<meta property=\"og:image:type\" content=\"image\/png\" \/>\n<meta name=\"twitter:card\" content=\"summary_large_image\" \/>\n<meta name=\"twitter:label1\" content=\"Est. reading time\" \/>\n\t<meta name=\"twitter:data1\" content=\"2 minuti\" \/>\n<script type=\"application\/ld+json\" class=\"yoast-schema-graph\">{\"@context\":\"https:\\\/\\\/schema.org\",\"@graph\":[{\"@type\":\"WebPage\",\"@id\":\"https:\\\/\\\/portalf1.si\\\/index.php\\\/ekipe\\\/aston-martin\\\/\",\"url\":\"https:\\\/\\\/portalf1.si\\\/index.php\\\/ekipe\\\/aston-martin\\\/\",\"name\":\"ASTON MARTIN - Portal F1\",\"isPartOf\":{\"@id\":\"https:\\\/\\\/portalf1.si\\\/#website\"},\"primaryImageOfPage\":{\"@id\":\"https:\\\/\\\/portalf1.si\\\/index.php\\\/ekipe\\\/aston-martin\\\/#primaryimage\"},\"image\":{\"@id\":\"https:\\\/\\\/portalf1.si\\\/index.php\\\/ekipe\\\/aston-martin\\\/#primaryimage\"},\"thumbnailUrl\":\"https:\\\/\\\/portalf1.si\\\/wp-content\\\/uploads\\\/2025\\\/02\\\/ASTON-MARTIN-LOGO-e1738704741296.png\",\"datePublished\":\"2025-02-04T21:34:08+00:00\",\"dateModified\":\"2026-02-10T07:01:11+00:00\",\"description\":\"Portal F1 je spletna platforma, ki vam prina\u0161a najnovej\u0161e novice, strokovne \u010dlanke, analize in kolumne iz sveta Formule 1. F1. Formula 1.\",\"breadcrumb\":{\"@id\":\"https:\\\/\\\/portalf1.si\\\/index.php\\\/ekipe\\\/aston-martin\\\/#breadcrumb\"},\"inLanguage\":\"sl-SI\",\"potentialAction\":[{\"@type\":\"ReadAction\",\"target\":[\"https:\\\/\\\/portalf1.si\\\/index.php\\\/ekipe\\\/aston-martin\\\/\"]}]},{\"@type\":\"ImageObject\",\"inLanguage\":\"sl-SI\",\"@id\":\"https:\\\/\\\/portalf1.si\\\/index.php\\\/ekipe\\\/aston-martin\\\/#primaryimage\",\"url\":\"https:\\\/\\\/portalf1.si\\\/wp-content\\\/uploads\\\/2025\\\/02\\\/ASTON-MARTIN-LOGO-e1738704741296.png\",\"contentUrl\":\"https:\\\/\\\/portalf1.si\\\/wp-content\\\/uploads\\\/2025\\\/02\\\/ASTON-MARTIN-LOGO-e1738704741296.png\",\"width\":1910,\"height\":810},{\"@type\":\"BreadcrumbList\",\"@id\":\"https:\\\/\\\/portalf1.si\\\/index.php\\\/ekipe\\\/aston-martin\\\/#breadcrumb\",\"itemListElement\":[{\"@type\":\"ListItem\",\"position\":1,\"name\":\"Home\",\"item\":\"https:\\\/\\\/portalf1.si\\\/\"},{\"@type\":\"ListItem\",\"position\":2,\"name\":\"EKIPE\",\"item\":\"https:\\\/\\\/portalf1.si\\\/index.php\\\/ekipe\\\/\"},{\"@type\":\"ListItem\",\"position\":3,\"name\":\"ASTON MARTIN\"}]},{\"@type\":\"WebSite\",\"@id\":\"https:\\\/\\\/portalf1.si\\\/#website\",\"url\":\"https:\\\/\\\/portalf1.si\\\/\",\"name\":\"Portal F1\",\"description\":\"Vstopite v svet hitrosti in adrenalina\",\"publisher\":{\"@id\":\"https:\\\/\\\/portalf1.si\\\/#organization\"},\"potentialAction\":[{\"@type\":\"SearchAction\",\"target\":{\"@type\":\"EntryPoint\",\"urlTemplate\":\"https:\\\/\\\/portalf1.si\\\/?s={search_term_string}\"},\"query-input\":{\"@type\":\"PropertyValueSpecification\",\"valueRequired\":true,\"valueName\":\"search_term_string\"}}],\"inLanguage\":\"sl-SI\"},{\"@type\":\"Organization\",\"@id\":\"https:\\\/\\\/portalf1.si\\\/#organization\",\"name\":\"Portal F1\",\"url\":\"https:\\\/\\\/portalf1.si\\\/\",\"logo\":{\"@type\":\"ImageObject\",\"inLanguage\":\"sl-SI\",\"@id\":\"https:\\\/\\\/portalf1.si\\\/#\\\/schema\\\/logo\\\/image\\\/\",\"url\":\"https:\\\/\\\/portalf1.si\\\/wp-content\\\/uploads\\\/2025\\\/02\\\/cropped-HiPaint_1738532868530.png\",\"contentUrl\":\"https:\\\/\\\/portalf1.si\\\/wp-content\\\/uploads\\\/2025\\\/02\\\/cropped-HiPaint_1738532868530.png\",\"width\":512,\"height\":512,\"caption\":\"Portal F1\"},\"image\":{\"@id\":\"https:\\\/\\\/portalf1.si\\\/#\\\/schema\\\/logo\\\/image\\\/\"},\"sameAs\":[\"https:\\\/\\\/www.facebook.com\\\/portalf1.si\\\/?locale=sl_SI\"]}]}<\/script>\n<!-- \/ Yoast SEO plugin. -->","yoast_head_json":{"title":"ASTON MARTIN - Portal F1","description":"Portal F1 je spletna platforma, ki vam prina\u0161a najnovej\u0161e novice, strokovne \u010dlanke, analize in kolumne iz sveta Formule 1. F1. Formula 1.","robots":{"index":"index","follow":"follow","max-snippet":"max-snippet:-1","max-image-preview":"max-image-preview:large","max-video-preview":"max-video-preview:-1"},"canonical":"https:\/\/portalf1.si\/index.php\/ekipe\/aston-martin\/","og_locale":"sl_SI","og_type":"article","og_title":"ASTON MARTIN - Portal F1","og_description":"Portal F1 je spletna platforma, ki vam prina\u0161a najnovej\u0161e novice, strokovne \u010dlanke, analize in kolumne iz sveta Formule 1. F1. Formula 1.","og_url":"https:\/\/portalf1.si\/index.php\/ekipe\/aston-martin\/","og_site_name":"Portal F1","article_publisher":"https:\/\/www.facebook.com\/portalf1.si\/?locale=sl_SI","article_modified_time":"2026-02-10T07:01:11+00:00","og_image":[{"width":1910,"height":810,"url":"https:\/\/portalf1.si\/wp-content\/uploads\/2025\/02\/ASTON-MARTIN-LOGO-e1738704741296.png","type":"image\/png"}],"twitter_card":"summary_large_image","twitter_misc":{"Est. reading time":"2 minuti"},"schema":{"@context":"https:\/\/schema.org","@graph":[{"@type":"WebPage","@id":"https:\/\/portalf1.si\/index.php\/ekipe\/aston-martin\/","url":"https:\/\/portalf1.si\/index.php\/ekipe\/aston-martin\/","name":"ASTON MARTIN - Portal F1","isPartOf":{"@id":"https:\/\/portalf1.si\/#website"},"primaryImageOfPage":{"@id":"https:\/\/portalf1.si\/index.php\/ekipe\/aston-martin\/#primaryimage"},"image":{"@id":"https:\/\/portalf1.si\/index.php\/ekipe\/aston-martin\/#primaryimage"},"thumbnailUrl":"https:\/\/portalf1.si\/wp-content\/uploads\/2025\/02\/ASTON-MARTIN-LOGO-e1738704741296.png","datePublished":"2025-02-04T21:34:08+00:00","dateModified":"2026-02-10T07:01:11+00:00","description":"Portal F1 je spletna platforma, ki vam prina\u0161a najnovej\u0161e novice, strokovne \u010dlanke, analize in kolumne iz sveta Formule 1. F1. Formula 1.","breadcrumb":{"@id":"https:\/\/portalf1.si\/index.php\/ekipe\/aston-martin\/#breadcrumb"},"inLanguage":"sl-SI","potentialAction":[{"@type":"ReadAction","target":["https:\/\/portalf1.si\/index.php\/ekipe\/aston-martin\/"]}]},{"@type":"ImageObject","inLanguage":"sl-SI","@id":"https:\/\/portalf1.si\/index.php\/ekipe\/aston-martin\/#primaryimage","url":"https:\/\/portalf1.si\/wp-content\/uploads\/2025\/02\/ASTON-MARTIN-LOGO-e1738704741296.png","contentUrl":"https:\/\/portalf1.si\/wp-content\/uploads\/2025\/02\/ASTON-MARTIN-LOGO-e1738704741296.png","width":1910,"height":810},{"@type":"BreadcrumbList","@id":"https:\/\/portalf1.si\/index.php\/ekipe\/aston-martin\/#breadcrumb","itemListElement":[{"@type":"ListItem","position":1,"name":"Home","item":"https:\/\/portalf1.si\/"},{"@type":"ListItem","position":2,"name":"EKIPE","item":"https:\/\/portalf1.si\/index.php\/ekipe\/"},{"@type":"ListItem","position":3,"name":"ASTON MARTIN"}]},{"@type":"WebSite","@id":"https:\/\/portalf1.si\/#website","url":"https:\/\/portalf1.si\/","name":"Portal F1","description":"Vstopite v svet hitrosti in adrenalina","publisher":{"@id":"https:\/\/portalf1.si\/#organization"},"potentialAction":[{"@type":"SearchAction","target":{"@type":"EntryPoint","urlTemplate":"https:\/\/portalf1.si\/?s={search_term_string}"},"query-input":{"@type":"PropertyValueSpecification","valueRequired":true,"valueName":"search_term_string"}}],"inLanguage":"sl-SI"},{"@type":"Organization","@id":"https:\/\/portalf1.si\/#organization","name":"Portal F1","url":"https:\/\/portalf1.si\/","logo":{"@type":"ImageObject","inLanguage":"sl-SI","@id":"https:\/\/portalf1.si\/#\/schema\/logo\/image\/","url":"https:\/\/portalf1.si\/wp-content\/uploads\/2025\/02\/cropped-HiPaint_1738532868530.png","contentUrl":"https:\/\/portalf1.si\/wp-content\/uploads\/2025\/02\/cropped-HiPaint_1738532868530.png","width":512,"height":512,"caption":"Portal F1"},"image":{"@id":"https:\/\/portalf1.si\/#\/schema\/logo\/image\/"},"sameAs":["https:\/\/www.facebook.com\/portalf1.si\/?locale=sl_SI"]}]}},"_links":{"self":[{"href":"https:\/\/portalf1.si\/index.php\/wp-json\/wp\/v2\/pages\/3397","targetHints":{"allow":["GET"]}}],"collection":[{"href":"https:\/\/portalf1.si\/index.php\/wp-json\/wp\/v2\/pages"}],"about":[{"href":"https:\/\/portalf1.si\/index.php\/wp-json\/wp\/v2\/types\/page"}],"author":[{"embeddable":true,"href":"https:\/\/portalf1.si\/index.php\/wp-json\/wp\/v2\/users\/1"}],"replies":[{"embeddable":true,"href":"https:\/\/portalf1.si\/index.php\/wp-json\/wp\/v2\/comments?post=3397"}],"version-history":[{"count":8,"href":"https:\/\/portalf1.si\/index.php\/wp-json\/wp\/v2\/pages\/3397\/revisions"}],"predecessor-version":[{"id":10897,"href":"https:\/\/portalf1.si\/index.php\/wp-json\/wp\/v2\/pages\/3397\/revisions\/10897"}],"up":[{"embeddable":true,"href":"https:\/\/portalf1.si\/index.php\/wp-json\/wp\/v2\/pages\/3097"}],"wp:attachment":[{"href":"https:\/\/portalf1.si\/index.php\/wp-json\/wp\/v2\/media?parent=3397"}],"curies":[{"name":"wp","href":"https:\/\/api.w.org\/{rel}","templated":true}]}}