{"id":3421,"date":"2025-02-04T22:15:53","date_gmt":"2025-02-04T22:15:53","guid":{"rendered":"https:\/\/portalf1.si\/?page_id=3421"},"modified":"2026-02-09T14:10:16","modified_gmt":"2026-02-09T14:10:16","slug":"mercedes","status":"publish","type":"page","link":"https:\/\/portalf1.si\/index.php\/ekipe\/mercedes\/","title":{"rendered":"MERCEDES"},"content":{"rendered":"\n<div class=\"wp-block-stackable-columns stk-block-columns stk-block stk-8676c40\" data-block-id=\"8676c40\"><div class=\"stk-row stk-inner-blocks stk-block-content stk-content-align stk-8676c40-column\">\n<div class=\"wp-block-stackable-column stk-block-column stk-column stk-block stk-5b67bc5\" data-v=\"4\" data-block-id=\"5b67bc5\"><div class=\"stk-column-wrapper stk-block-column__content stk-container stk-5b67bc5-container stk--no-background stk--no-padding\"><div class=\"stk-block-content stk-inner-blocks stk-5b67bc5-inner-blocks\">\n<div class=\"wp-block-stackable-card stk-block-card stk-block stk-1d6364a is-style-default\" data-v=\"2\" data-block-id=\"1d6364a\"><style>.stk-1d6364a .stk-block-card__image img{object-fit:contain !important;}<\/style><div class=\"stk--no-padding stk-container stk-1d6364a-container stk-hover-parent\"><figure class=\"stk-block-card__image stk-img-wrapper stk-image--shape-stretch\"><img loading=\"lazy\" decoding=\"async\" class=\"stk-img wp-image-3422\" src=\"https:\/\/portalf1.si\/wp-content\/uploads\/2025\/02\/MERCEDES-LOGO.png\" width=\"2560\" height=\"801\" srcset=\"https:\/\/portalf1.si\/wp-content\/uploads\/2025\/02\/MERCEDES-LOGO.png 2560w, https:\/\/portalf1.si\/wp-content\/uploads\/2025\/02\/MERCEDES-LOGO-300x94.png 300w, https:\/\/portalf1.si\/wp-content\/uploads\/2025\/02\/MERCEDES-LOGO-1024x320.png 1024w, https:\/\/portalf1.si\/wp-content\/uploads\/2025\/02\/MERCEDES-LOGO-768x240.png 768w, https:\/\/portalf1.si\/wp-content\/uploads\/2025\/02\/MERCEDES-LOGO-1536x481.png 1536w, https:\/\/portalf1.si\/wp-content\/uploads\/2025\/02\/MERCEDES-LOGO-2048x641.png 2048w\" sizes=\"auto, (max-width: 2560px) 100vw, 2560px\" \/><\/figure><div class=\"stk-container-padding stk-block-card__content\"><div class=\"stk-block-content stk-inner-blocks stk-1d6364a-inner-blocks\">\n<div class=\"wp-block-stackable-text stk-block-text stk-block stk-1340530\" data-block-id=\"1340530\"><p class=\"stk-block-text__text\"><strong>Polno ime:<\/strong> Mercedes-AMG PETRONAS Formula One Team<\/p><\/div>\n\n\n\n<p><strong>Sede\u017e ekipe:<\/strong> Brackley, Velika Britanija<\/p>\n\n\n\n<p><strong>Vodja ekipe:<\/strong> Toto Wolff<\/p>\n\n\n\n<p><strong>Tehni\u010dni direktor:<\/strong> James Allison<\/p>\n\n\n\n<p><strong>Motor:<\/strong> Mercedes<\/p>\n\n\n\n<p><strong>\u0160asija:<\/strong> W17<\/p>\n<\/div><\/div><\/div><\/div>\n<\/div><\/div><\/div>\n\n\n\n<div class=\"wp-block-stackable-column stk-block-column stk-column stk-block stk-8340feb\" data-v=\"4\" data-block-id=\"8340feb\"><div class=\"stk-column-wrapper stk-block-column__content stk-container stk-8340feb-container stk--no-background stk--no-padding\"><div class=\"stk-block-content stk-inner-blocks stk-8340feb-inner-blocks\">\n<div class=\"wp-block-stackable-columns stk-block-columns stk-block stk-81e3c3d\" data-block-id=\"81e3c3d\"><div class=\"stk-row stk-inner-blocks stk-block-content stk-content-align stk-81e3c3d-column\">\n<div class=\"wp-block-stackable-column stk-block-column stk-column stk-block stk-04eca6b\" data-v=\"4\" data-block-id=\"04eca6b\"><div class=\"stk-column-wrapper stk-block-column__content stk-container stk-04eca6b-container stk--no-background stk--no-padding\"><div class=\"stk-block-content stk-inner-blocks stk-04eca6b-inner-blocks\">\n<div class=\"wp-block-stackable-card stk-block-card stk-block stk-cedef01 is-style-default\" data-v=\"2\" data-block-id=\"cedef01\"><style>.stk-cedef01 {border-style:solid !important;border-color:var(--theme-palette-color-5, #e1e8ed) !important;}<\/style><div class=\"stk--no-padding stk-container stk-cedef01-container stk-hover-parent\"><figure class=\"stk-block-card__image stk-img-wrapper stk-image--shape-stretch\"><img data-dominant-color=\"2c766a\" data-has-transparency=\"false\" style=\"--dominant-color: #2c766a;\" loading=\"lazy\" decoding=\"async\" class=\"stk-img wp-image-10831 not-transparent\" src=\"https:\/\/portalf1.si\/wp-content\/uploads\/2026\/02\/f10f01a1704147ca90ab3a4325f38785.webp\" width=\"502\" height=\"502\" srcset=\"https:\/\/portalf1.si\/wp-content\/uploads\/2026\/02\/f10f01a1704147ca90ab3a4325f38785.webp 502w, https:\/\/portalf1.si\/wp-content\/uploads\/2026\/02\/f10f01a1704147ca90ab3a4325f38785-300x300.webp 300w, https:\/\/portalf1.si\/wp-content\/uploads\/2026\/02\/f10f01a1704147ca90ab3a4325f38785-150x150.webp 150w, https:\/\/portalf1.si\/wp-content\/uploads\/2026\/02\/f10f01a1704147ca90ab3a4325f38785-12x12.webp 12w\" sizes=\"auto, (max-width: 502px) 100vw, 502px\" \/><\/figure><div class=\"stk-container-padding stk-block-card__content\"><div class=\"stk-block-content stk-inner-blocks stk-cedef01-inner-blocks\">\n<div class=\"wp-block-stackable-heading stk-block-heading stk-block-heading--v2 stk-block stk-ca87f28\" id=\"63\" data-block-id=\"ca87f28\"><h2 class=\"stk-block-heading__text\">63<\/h2><\/div>\n\n\n\n<div class=\"wp-block-stackable-subtitle stk-block-subtitle stk-block stk-c0c915d\" data-block-id=\"c0c915d\"><style>.stk-c0c915d .stk-block-subtitle__text{font-size:20px !important;color:#000000 !important;}@media screen and (max-width:999px){.stk-c0c915d .stk-block-subtitle__text{font-size:20px !important;}}<\/style><p class=\"stk-block-subtitle__text stk-subtitle has-text-color\"><strong>George Russell<\/strong><\/p><\/div>\n<\/div><\/div><\/div><\/div>\n<\/div><\/div><\/div>\n\n\n\n<div class=\"wp-block-stackable-column stk-block-column stk-column stk-block stk-a6d84ee\" data-v=\"4\" data-block-id=\"a6d84ee\"><div class=\"stk-column-wrapper stk-block-column__content stk-container stk-a6d84ee-container stk--no-background stk--no-padding\"><div class=\"stk-block-content stk-inner-blocks stk-a6d84ee-inner-blocks\">\n<div class=\"wp-block-stackable-card stk-block-card stk-block stk-ae010e4 is-style-default\" data-v=\"2\" data-block-id=\"ae010e4\"><style>.stk-ae010e4 {border-style:solid !important;border-color:var(--theme-palette-color-5, #e1e8ed) !important;}<\/style><div class=\"stk--no-padding stk-container stk-ae010e4-container stk-hover-parent\"><figure class=\"stk-block-card__image stk-img-wrapper stk-image--shape-stretch\"><img data-dominant-color=\"2b7165\" data-has-transparency=\"false\" style=\"--dominant-color: #2b7165;\" loading=\"lazy\" decoding=\"async\" class=\"stk-img wp-image-10832 not-transparent\" src=\"https:\/\/portalf1.si\/wp-content\/uploads\/2026\/02\/bcca7f61b6684e26bb28aedaf8d97c53.webp\" width=\"514\" height=\"514\" srcset=\"https:\/\/portalf1.si\/wp-content\/uploads\/2026\/02\/bcca7f61b6684e26bb28aedaf8d97c53.webp 514w, https:\/\/portalf1.si\/wp-content\/uploads\/2026\/02\/bcca7f61b6684e26bb28aedaf8d97c53-300x300.webp 300w, https:\/\/portalf1.si\/wp-content\/uploads\/2026\/02\/bcca7f61b6684e26bb28aedaf8d97c53-150x150.webp 150w, https:\/\/portalf1.si\/wp-content\/uploads\/2026\/02\/bcca7f61b6684e26bb28aedaf8d97c53-12x12.webp 12w\" sizes=\"auto, (max-width: 514px) 100vw, 514px\" \/><\/figure><div class=\"stk-container-padding stk-block-card__content\"><div class=\"stk-block-content stk-inner-blocks stk-ae010e4-inner-blocks\">\n<div class=\"wp-block-stackable-heading stk-block-heading stk-block-heading--v2 stk-block stk-161647d\" id=\"12\" data-block-id=\"161647d\"><h2 class=\"stk-block-heading__text\">12<\/h2><\/div>\n\n\n\n<div class=\"wp-block-stackable-subtitle stk-block-subtitle stk-block stk-49cb11a\" data-block-id=\"49cb11a\"><style>.stk-49cb11a .stk-block-subtitle__text{font-size:19px !important;color:#000000 !important;}@media screen and (max-width:999px){.stk-49cb11a .stk-block-subtitle__text{font-size:19px !important;}}<\/style><p class=\"stk-block-subtitle__text stk-subtitle has-text-color\"><strong>Andrea Kimi Antonelli<\/strong><\/p><\/div>\n<\/div><\/div><\/div><\/div>\n<\/div><\/div><\/div>\n<\/div><\/div>\n<\/div><\/div><\/div>\n<\/div><\/div>\n\n\n\n<div class=\"wp-block-stackable-divider stk-block-divider stk-block stk-f7b199b is-style-bar\" data-block-id=\"f7b199b\"><style>.stk-f7b199b hr.stk-block-divider__hr{background:#00a19b !important;border-radius:calc(50px \/ 2) !important;height:50px !important;width:100% !important;}.stk-f7b199b {margin-bottom:0px !important;}<\/style><hr class=\"stk-block-divider__hr\"\/><\/div>\n\n\n\n<div class=\"wp-block-stackable-divider stk-block-divider stk-block stk-e7e27b8 is-style-bar\" data-block-id=\"e7e27b8\"><style>.stk-e7e27b8 hr.stk-block-divider__hr{background:#00a19b !important;border-radius:calc(50px \/ 2) !important;height:50px !important;width:100% !important;}<\/style><hr class=\"stk-block-divider__hr\"\/><\/div>\n\n\n\n<div class=\"wp-block-stackable-card stk-block-card stk-block stk-a75fdb5 is-style-default\" data-v=\"2\" data-block-id=\"a75fdb5\"><style>.stk-a75fdb5 .stk-block-card__image{height:500px !important;}<\/style><div class=\"stk--no-padding stk-container stk-a75fdb5-container stk-hover-parent\"><figure class=\"stk-block-card__image stk-img-wrapper stk-image--shape-stretch\"><img data-dominant-color=\"484744\" data-has-transparency=\"false\" style=\"--dominant-color: #484744;\" loading=\"lazy\" decoding=\"async\" class=\"stk-img wp-image-10834 not-transparent\" src=\"https:\/\/portalf1.si\/wp-content\/uploads\/2026\/02\/mercedes-amg-f1-w17-e-performance-gr-12-scaled.webp\" width=\"2560\" height=\"1440\" srcset=\"https:\/\/portalf1.si\/wp-content\/uploads\/2026\/02\/mercedes-amg-f1-w17-e-performance-gr-12-scaled.webp 2560w, https:\/\/portalf1.si\/wp-content\/uploads\/2026\/02\/mercedes-amg-f1-w17-e-performance-gr-12-300x169.webp 300w, https:\/\/portalf1.si\/wp-content\/uploads\/2026\/02\/mercedes-amg-f1-w17-e-performance-gr-12-1024x576.webp 1024w, https:\/\/portalf1.si\/wp-content\/uploads\/2026\/02\/mercedes-amg-f1-w17-e-performance-gr-12-768x432.webp 768w, https:\/\/portalf1.si\/wp-content\/uploads\/2026\/02\/mercedes-amg-f1-w17-e-performance-gr-12-1536x864.webp 1536w, https:\/\/portalf1.si\/wp-content\/uploads\/2026\/02\/mercedes-amg-f1-w17-e-performance-gr-12-2048x1152.webp 2048w, https:\/\/portalf1.si\/wp-content\/uploads\/2026\/02\/mercedes-amg-f1-w17-e-performance-gr-12-18x10.webp 18w\" sizes=\"auto, (max-width: 2560px) 100vw, 2560px\" \/><\/figure><div class=\"stk-container-padding stk-block-card__content\"><div class=\"stk-block-content stk-inner-blocks stk-a75fdb5-inner-blocks\">\n<p><strong>Sodobni preporod Mercedesa v Formuli 1 se je za\u010del z ustanovitvijo tovarni\u0161ke ekipe leta 2010, kar je slu\u017eilo kot odsko\u010dna deska za meteorski vzpon proti vrhu lestvice. Ekipa je \u017ee takoj na za\u010detku poskrbela za ogromno navdu\u0161enja s senzacionalno vrnitvijo Michaela Schumacherja, kmalu pa so sledili tudi odmevni rezultati na stezi: tri uvrstitve na stopni\u010dke v njihovi krstni sezoni, ki jih je dosegel Nico Rosberg. Ta je nato leta 2012 na Kitajskem dosegel \u0161e prelomni dvoj\u010dek: najbolj\u0161i \u0161tartni polo\u017eaj in prvo zmago.<\/strong> <\/p>\n\n\n\n<p><strong>V naslednji sezoni se mu je pridru\u017eil Lewis Hamilton, dvojica pa je uprizorila nekaj epskih bitk za naslov prvaka, medtem ko so &#8220;srebrne pu\u0161\u010dice&#8221; pometle s konkurenco in postale ena najbolj dominantnih sil moderne dobe Formule 1, vse dokler ni pri\u0161el Red Bull in jim ukradel te krone. Kljub temu Mercedes, kjer zdaj ob preverjenem zmagovalcu dirk Georgeu Russellu dirka vzhajajo\u010da zvezda Kimi Antonelli, ostaja ena izmed ekip, ki jih je najte\u017eje premagati &#8230;<\/strong><\/p>\n<\/div><\/div><\/div><\/div>\n","protected":false},"excerpt":{"rendered":"<p>Polno ime: Mercedes-AMG PETRONAS Formula One Team Sede\u017e ekipe: Brackley, Velika Britanija Vodja ekipe: Toto Wolff Tehni\u010dni direktor: James Allison Motor: Mercedes \u0160asija: W17 63 George Russell 12 Andrea Kimi Antonelli Sodobni preporod Mercedesa v Formuli 1 se je za\u010del z ustanovitvijo tovarni\u0161ke ekipe leta 2010, kar je slu\u017eilo kot odsko\u010dna deska za meteorski vzpon [&hellip;]<\/p>\n","protected":false},"author":1,"featured_media":0,"parent":3097,"menu_order":0,"comment_status":"closed","ping_status":"closed","template":"","meta":{"footnotes":""},"class_list":["post-3421","page","type-page","status-publish","hentry"],"blocksy_meta":[],"yoast_head":"<!-- This site is optimized with the Yoast SEO plugin v27.4 - https:\/\/yoast.com\/product\/yoast-seo-wordpress\/ -->\n<title>MERCEDES - Portal F1<\/title>\n<meta name=\"description\" content=\"Portal F1 je spletna platforma, ki vam prina\u0161a najnovej\u0161e novice, strokovne \u010dlanke, analize in kolumne iz sveta Formule 1. F1. Formula 1.\" \/>\n<meta name=\"robots\" content=\"index, follow, max-snippet:-1, max-image-preview:large, max-video-preview:-1\" \/>\n<link rel=\"canonical\" href=\"https:\/\/portalf1.si\/index.php\/ekipe\/mercedes\/\" \/>\n<meta property=\"og:locale\" content=\"sl_SI\" \/>\n<meta property=\"og:type\" content=\"article\" \/>\n<meta property=\"og:title\" content=\"MERCEDES - Portal F1\" \/>\n<meta property=\"og:description\" content=\"Portal F1 je spletna platforma, ki vam prina\u0161a najnovej\u0161e novice, strokovne \u010dlanke, analize in kolumne iz sveta Formule 1. F1. Formula 1.\" \/>\n<meta property=\"og:url\" content=\"https:\/\/portalf1.si\/index.php\/ekipe\/mercedes\/\" \/>\n<meta property=\"og:site_name\" content=\"Portal F1\" \/>\n<meta property=\"article:publisher\" content=\"https:\/\/www.facebook.com\/portalf1.si\/?locale=sl_SI\" \/>\n<meta property=\"article:modified_time\" content=\"2026-02-09T14:10:16+00:00\" \/>\n<meta property=\"og:image\" content=\"https:\/\/portalf1.si\/wp-content\/uploads\/2025\/02\/MERCEDES-LOGO.png\" \/>\n\t<meta property=\"og:image:width\" content=\"2560\" \/>\n\t<meta property=\"og:image:height\" content=\"801\" \/>\n\t<meta property=\"og:image:type\" content=\"image\/png\" \/>\n<meta name=\"twitter:card\" content=\"summary_large_image\" \/>\n<meta name=\"twitter:label1\" content=\"Est. reading time\" \/>\n\t<meta name=\"twitter:data1\" content=\"2 minuti\" \/>\n<script type=\"application\/ld+json\" class=\"yoast-schema-graph\">{\"@context\":\"https:\\\/\\\/schema.org\",\"@graph\":[{\"@type\":\"WebPage\",\"@id\":\"https:\\\/\\\/portalf1.si\\\/index.php\\\/ekipe\\\/mercedes\\\/\",\"url\":\"https:\\\/\\\/portalf1.si\\\/index.php\\\/ekipe\\\/mercedes\\\/\",\"name\":\"MERCEDES - Portal F1\",\"isPartOf\":{\"@id\":\"https:\\\/\\\/portalf1.si\\\/#website\"},\"primaryImageOfPage\":{\"@id\":\"https:\\\/\\\/portalf1.si\\\/index.php\\\/ekipe\\\/mercedes\\\/#primaryimage\"},\"image\":{\"@id\":\"https:\\\/\\\/portalf1.si\\\/index.php\\\/ekipe\\\/mercedes\\\/#primaryimage\"},\"thumbnailUrl\":\"https:\\\/\\\/portalf1.si\\\/wp-content\\\/uploads\\\/2025\\\/02\\\/MERCEDES-LOGO.png\",\"datePublished\":\"2025-02-04T22:15:53+00:00\",\"dateModified\":\"2026-02-09T14:10:16+00:00\",\"description\":\"Portal F1 je spletna platforma, ki vam prina\u0161a najnovej\u0161e novice, strokovne \u010dlanke, analize in kolumne iz sveta Formule 1. F1. Formula 1.\",\"breadcrumb\":{\"@id\":\"https:\\\/\\\/portalf1.si\\\/index.php\\\/ekipe\\\/mercedes\\\/#breadcrumb\"},\"inLanguage\":\"sl-SI\",\"potentialAction\":[{\"@type\":\"ReadAction\",\"target\":[\"https:\\\/\\\/portalf1.si\\\/index.php\\\/ekipe\\\/mercedes\\\/\"]}]},{\"@type\":\"ImageObject\",\"inLanguage\":\"sl-SI\",\"@id\":\"https:\\\/\\\/portalf1.si\\\/index.php\\\/ekipe\\\/mercedes\\\/#primaryimage\",\"url\":\"https:\\\/\\\/portalf1.si\\\/wp-content\\\/uploads\\\/2025\\\/02\\\/MERCEDES-LOGO.png\",\"contentUrl\":\"https:\\\/\\\/portalf1.si\\\/wp-content\\\/uploads\\\/2025\\\/02\\\/MERCEDES-LOGO.png\",\"width\":2560,\"height\":801},{\"@type\":\"BreadcrumbList\",\"@id\":\"https:\\\/\\\/portalf1.si\\\/index.php\\\/ekipe\\\/mercedes\\\/#breadcrumb\",\"itemListElement\":[{\"@type\":\"ListItem\",\"position\":1,\"name\":\"Home\",\"item\":\"https:\\\/\\\/portalf1.si\\\/\"},{\"@type\":\"ListItem\",\"position\":2,\"name\":\"EKIPE\",\"item\":\"https:\\\/\\\/portalf1.si\\\/index.php\\\/ekipe\\\/\"},{\"@type\":\"ListItem\",\"position\":3,\"name\":\"MERCEDES\"}]},{\"@type\":\"WebSite\",\"@id\":\"https:\\\/\\\/portalf1.si\\\/#website\",\"url\":\"https:\\\/\\\/portalf1.si\\\/\",\"name\":\"Portal F1\",\"description\":\"Vstopite v svet hitrosti in adrenalina\",\"publisher\":{\"@id\":\"https:\\\/\\\/portalf1.si\\\/#organization\"},\"potentialAction\":[{\"@type\":\"SearchAction\",\"target\":{\"@type\":\"EntryPoint\",\"urlTemplate\":\"https:\\\/\\\/portalf1.si\\\/?s={search_term_string}\"},\"query-input\":{\"@type\":\"PropertyValueSpecification\",\"valueRequired\":true,\"valueName\":\"search_term_string\"}}],\"inLanguage\":\"sl-SI\"},{\"@type\":\"Organization\",\"@id\":\"https:\\\/\\\/portalf1.si\\\/#organization\",\"name\":\"Portal F1\",\"url\":\"https:\\\/\\\/portalf1.si\\\/\",\"logo\":{\"@type\":\"ImageObject\",\"inLanguage\":\"sl-SI\",\"@id\":\"https:\\\/\\\/portalf1.si\\\/#\\\/schema\\\/logo\\\/image\\\/\",\"url\":\"https:\\\/\\\/portalf1.si\\\/wp-content\\\/uploads\\\/2025\\\/02\\\/cropped-HiPaint_1738532868530.png\",\"contentUrl\":\"https:\\\/\\\/portalf1.si\\\/wp-content\\\/uploads\\\/2025\\\/02\\\/cropped-HiPaint_1738532868530.png\",\"width\":512,\"height\":512,\"caption\":\"Portal F1\"},\"image\":{\"@id\":\"https:\\\/\\\/portalf1.si\\\/#\\\/schema\\\/logo\\\/image\\\/\"},\"sameAs\":[\"https:\\\/\\\/www.facebook.com\\\/portalf1.si\\\/?locale=sl_SI\"]}]}<\/script>\n<!-- \/ Yoast SEO plugin. -->","yoast_head_json":{"title":"MERCEDES - Portal F1","description":"Portal F1 je spletna platforma, ki vam prina\u0161a najnovej\u0161e novice, strokovne \u010dlanke, analize in kolumne iz sveta Formule 1. F1. Formula 1.","robots":{"index":"index","follow":"follow","max-snippet":"max-snippet:-1","max-image-preview":"max-image-preview:large","max-video-preview":"max-video-preview:-1"},"canonical":"https:\/\/portalf1.si\/index.php\/ekipe\/mercedes\/","og_locale":"sl_SI","og_type":"article","og_title":"MERCEDES - Portal F1","og_description":"Portal F1 je spletna platforma, ki vam prina\u0161a najnovej\u0161e novice, strokovne \u010dlanke, analize in kolumne iz sveta Formule 1. F1. Formula 1.","og_url":"https:\/\/portalf1.si\/index.php\/ekipe\/mercedes\/","og_site_name":"Portal F1","article_publisher":"https:\/\/www.facebook.com\/portalf1.si\/?locale=sl_SI","article_modified_time":"2026-02-09T14:10:16+00:00","og_image":[{"width":2560,"height":801,"url":"https:\/\/portalf1.si\/wp-content\/uploads\/2025\/02\/MERCEDES-LOGO.png","type":"image\/png"}],"twitter_card":"summary_large_image","twitter_misc":{"Est. reading time":"2 minuti"},"schema":{"@context":"https:\/\/schema.org","@graph":[{"@type":"WebPage","@id":"https:\/\/portalf1.si\/index.php\/ekipe\/mercedes\/","url":"https:\/\/portalf1.si\/index.php\/ekipe\/mercedes\/","name":"MERCEDES - Portal F1","isPartOf":{"@id":"https:\/\/portalf1.si\/#website"},"primaryImageOfPage":{"@id":"https:\/\/portalf1.si\/index.php\/ekipe\/mercedes\/#primaryimage"},"image":{"@id":"https:\/\/portalf1.si\/index.php\/ekipe\/mercedes\/#primaryimage"},"thumbnailUrl":"https:\/\/portalf1.si\/wp-content\/uploads\/2025\/02\/MERCEDES-LOGO.png","datePublished":"2025-02-04T22:15:53+00:00","dateModified":"2026-02-09T14:10:16+00:00","description":"Portal F1 je spletna platforma, ki vam prina\u0161a najnovej\u0161e novice, strokovne \u010dlanke, analize in kolumne iz sveta Formule 1. F1. Formula 1.","breadcrumb":{"@id":"https:\/\/portalf1.si\/index.php\/ekipe\/mercedes\/#breadcrumb"},"inLanguage":"sl-SI","potentialAction":[{"@type":"ReadAction","target":["https:\/\/portalf1.si\/index.php\/ekipe\/mercedes\/"]}]},{"@type":"ImageObject","inLanguage":"sl-SI","@id":"https:\/\/portalf1.si\/index.php\/ekipe\/mercedes\/#primaryimage","url":"https:\/\/portalf1.si\/wp-content\/uploads\/2025\/02\/MERCEDES-LOGO.png","contentUrl":"https:\/\/portalf1.si\/wp-content\/uploads\/2025\/02\/MERCEDES-LOGO.png","width":2560,"height":801},{"@type":"BreadcrumbList","@id":"https:\/\/portalf1.si\/index.php\/ekipe\/mercedes\/#breadcrumb","itemListElement":[{"@type":"ListItem","position":1,"name":"Home","item":"https:\/\/portalf1.si\/"},{"@type":"ListItem","position":2,"name":"EKIPE","item":"https:\/\/portalf1.si\/index.php\/ekipe\/"},{"@type":"ListItem","position":3,"name":"MERCEDES"}]},{"@type":"WebSite","@id":"https:\/\/portalf1.si\/#website","url":"https:\/\/portalf1.si\/","name":"Portal F1","description":"Vstopite v svet hitrosti in adrenalina","publisher":{"@id":"https:\/\/portalf1.si\/#organization"},"potentialAction":[{"@type":"SearchAction","target":{"@type":"EntryPoint","urlTemplate":"https:\/\/portalf1.si\/?s={search_term_string}"},"query-input":{"@type":"PropertyValueSpecification","valueRequired":true,"valueName":"search_term_string"}}],"inLanguage":"sl-SI"},{"@type":"Organization","@id":"https:\/\/portalf1.si\/#organization","name":"Portal F1","url":"https:\/\/portalf1.si\/","logo":{"@type":"ImageObject","inLanguage":"sl-SI","@id":"https:\/\/portalf1.si\/#\/schema\/logo\/image\/","url":"https:\/\/portalf1.si\/wp-content\/uploads\/2025\/02\/cropped-HiPaint_1738532868530.png","contentUrl":"https:\/\/portalf1.si\/wp-content\/uploads\/2025\/02\/cropped-HiPaint_1738532868530.png","width":512,"height":512,"caption":"Portal F1"},"image":{"@id":"https:\/\/portalf1.si\/#\/schema\/logo\/image\/"},"sameAs":["https:\/\/www.facebook.com\/portalf1.si\/?locale=sl_SI"]}]}},"_links":{"self":[{"href":"https:\/\/portalf1.si\/index.php\/wp-json\/wp\/v2\/pages\/3421","targetHints":{"allow":["GET"]}}],"collection":[{"href":"https:\/\/portalf1.si\/index.php\/wp-json\/wp\/v2\/pages"}],"about":[{"href":"https:\/\/portalf1.si\/index.php\/wp-json\/wp\/v2\/types\/page"}],"author":[{"embeddable":true,"href":"https:\/\/portalf1.si\/index.php\/wp-json\/wp\/v2\/users\/1"}],"replies":[{"embeddable":true,"href":"https:\/\/portalf1.si\/index.php\/wp-json\/wp\/v2\/comments?post=3421"}],"version-history":[{"count":6,"href":"https:\/\/portalf1.si\/index.php\/wp-json\/wp\/v2\/pages\/3421\/revisions"}],"predecessor-version":[{"id":10864,"href":"https:\/\/portalf1.si\/index.php\/wp-json\/wp\/v2\/pages\/3421\/revisions\/10864"}],"up":[{"embeddable":true,"href":"https:\/\/portalf1.si\/index.php\/wp-json\/wp\/v2\/pages\/3097"}],"wp:attachment":[{"href":"https:\/\/portalf1.si\/index.php\/wp-json\/wp\/v2\/media?parent=3421"}],"curies":[{"name":"wp","href":"https:\/\/api.w.org\/{rel}","templated":true}]}}